{"id":65,"date":"2025-07-28T17:12:18","date_gmt":"2025-07-28T20:12:18","guid":{"rendered":"https:\/\/perfilvirtual.ar\/lecto\/?post_type=product&#038;p=65"},"modified":"2025-08-06T18:39:55","modified_gmt":"2025-08-06T21:39:55","slug":"guia-para-la-identificacion-aves-tierra-del-fuego","status":"publish","type":"product","link":"https:\/\/perfilvirtual.ar\/lecto\/producto\/guia-para-la-identificacion-aves-tierra-del-fuego\/","title":{"rendered":"Gu\u00eda para la identificaci\u00f3n aves Tierra del Fuego"},"content":{"rendered":"<p>Tierra del Fuego<\/p>\n<p>La regi\u00f3n presenta una avifauna variada con muchas especies de aves distribuidas en distintos ordenes cient\u00edficos y ecosistemas de esta isla. El prop\u00f3sito de la presente gu\u00eda; el mismo que mis libros anteriores, motivar a las personas al conocimiento de las distintas especies de aves que habitan y nos visitan por estas latitudes. Pero por sobretodo, generar conciencia sobre sus cualidades y espacios tan necesarios para su reproducci\u00f3n y la superviviencia de la especie.<br \/>\nEn este mundo cambiante, el desconocimiento y las malas desiciones pueden terminar con una especie para siempre.<\/p>\n<p>&nbsp;<\/p>\n<p>Ficha t\u00e9cnica:<\/p>\n<p>Gu\u00eda para la identificaci\u00f3n aves Tierra del Fuego<\/p>\n<p>Ram\u00f3n Luis Alvarado \u201cMoncho\u201d<\/p>\n<p>LECTO Ediciones (2023)<\/p>\n<p>12 cm x 23 cm x 0,7 cm<\/p>\n<p>Peso 700 g<\/p>\n<p>68 p<\/p>\n<p>Couch\u00e9 brillante 130 g<\/p>\n<p>Tapa r\u00fastica couch\u00e9 mate 350 g + polipropileno mate<\/p>\n<p>Encuadernaci\u00f3n PURmelt<\/p>\n<p>Fichas y l\u00e1minas a todo color<\/p>\n","protected":false},"excerpt":{"rendered":"<p>Ram\u00f3n Luis Alvarado \u201cMoncho\u201d<\/p>\n<p>&nbsp;<\/p>\n","protected":false},"featured_media":66,"comment_status":"open","ping_status":"closed","template":"","meta":[],"product_brand":[],"product_cat":[16],"product_tag":[17,19,18],"class_list":{"0":"post-65","1":"product","2":"type-product","3":"status-publish","4":"has-post-thumbnail","6":"product_cat-guias","7":"product_tag-aves","8":"product_tag-avistaje","9":"product_tag-naturaleza","11":"first","12":"onbackorder","13":"sale","14":"taxable","15":"shipping-taxable","16":"purchasable","17":"product-type-simple"},"yoast_head":"<!-- This site is optimized with the Yoast SEO plugin v25.8 - https:\/\/yoast.com\/wordpress\/plugins\/seo\/ -->\n<title>Gu\u00eda para la identificaci\u00f3n aves Tierra del Fuego - LECTO<\/title>\n<meta name=\"robots\" content=\"index, follow, max-snippet:-1, max-image-preview:large, max-video-preview:-1\" \/>\n<link rel=\"canonical\" href=\"https:\/\/perfilvirtual.ar\/lecto\/producto\/guia-para-la-identificacion-aves-tierra-del-fuego\/\" \/>\n<meta property=\"og:locale\" content=\"es_ES\" \/>\n<meta property=\"og:type\" content=\"article\" \/>\n<meta property=\"og:title\" content=\"Gu\u00eda para la identificaci\u00f3n aves Tierra del Fuego - LECTO\" \/>\n<meta property=\"og:description\" content=\"Ram\u00f3n Luis Alvarado \u201cMoncho\u201d  &nbsp;\" \/>\n<meta property=\"og:url\" content=\"https:\/\/perfilvirtual.ar\/lecto\/producto\/guia-para-la-identificacion-aves-tierra-del-fuego\/\" \/>\n<meta property=\"og:site_name\" content=\"LECTO\" \/>\n<meta property=\"article:modified_time\" content=\"2025-08-06T21:39:55+00:00\" \/>\n<meta property=\"og:image\" content=\"https:\/\/perfilvirtual.ar\/lecto\/wp-content\/uploads\/2025\/07\/GUIA-DE-AVES-TIERRA-DEL-FUEGO-TAPA-1080.jpg\" \/>\n\t<meta property=\"og:image:width\" content=\"1080\" \/>\n\t<meta property=\"og:image:height\" content=\"1080\" \/>\n\t<meta property=\"og:image:type\" content=\"image\/jpeg\" \/>\n<meta name=\"twitter:card\" content=\"summary_large_image\" \/>\n<meta name=\"twitter:label1\" content=\"Tiempo de lectura\" \/>\n\t<meta name=\"twitter:data1\" content=\"1 minuto\" \/>\n<script type=\"application\/ld+json\" class=\"yoast-schema-graph\">{\"@context\":\"https:\/\/schema.org\",\"@graph\":[{\"@type\":\"WebPage\",\"@id\":\"https:\/\/perfilvirtual.ar\/lecto\/producto\/guia-para-la-identificacion-aves-tierra-del-fuego\/\",\"url\":\"https:\/\/perfilvirtual.ar\/lecto\/producto\/guia-para-la-identificacion-aves-tierra-del-fuego\/\",\"name\":\"Gu\u00eda para la identificaci\u00f3n aves Tierra del Fuego - LECTO\",\"isPartOf\":{\"@id\":\"https:\/\/perfilvirtual.ar\/lecto\/#website\"},\"primaryImageOfPage\":{\"@id\":\"https:\/\/perfilvirtual.ar\/lecto\/producto\/guia-para-la-identificacion-aves-tierra-del-fuego\/#primaryimage\"},\"image\":{\"@id\":\"https:\/\/perfilvirtual.ar\/lecto\/producto\/guia-para-la-identificacion-aves-tierra-del-fuego\/#primaryimage\"},\"thumbnailUrl\":\"https:\/\/perfilvirtual.ar\/lecto\/wp-content\/uploads\/2025\/07\/GUIA-DE-AVES-TIERRA-DEL-FUEGO-TAPA-1080.jpg\",\"datePublished\":\"2025-07-28T20:12:18+00:00\",\"dateModified\":\"2025-08-06T21:39:55+00:00\",\"breadcrumb\":{\"@id\":\"https:\/\/perfilvirtual.ar\/lecto\/producto\/guia-para-la-identificacion-aves-tierra-del-fuego\/#breadcrumb\"},\"inLanguage\":\"es-AR\",\"potentialAction\":[{\"@type\":\"ReadAction\",\"target\":[\"https:\/\/perfilvirtual.ar\/lecto\/producto\/guia-para-la-identificacion-aves-tierra-del-fuego\/\"]}]},{\"@type\":\"ImageObject\",\"inLanguage\":\"es-AR\",\"@id\":\"https:\/\/perfilvirtual.ar\/lecto\/producto\/guia-para-la-identificacion-aves-tierra-del-fuego\/#primaryimage\",\"url\":\"https:\/\/perfilvirtual.ar\/lecto\/wp-content\/uploads\/2025\/07\/GUIA-DE-AVES-TIERRA-DEL-FUEGO-TAPA-1080.jpg\",\"contentUrl\":\"https:\/\/perfilvirtual.ar\/lecto\/wp-content\/uploads\/2025\/07\/GUIA-DE-AVES-TIERRA-DEL-FUEGO-TAPA-1080.jpg\",\"width\":1080,\"height\":1080},{\"@type\":\"BreadcrumbList\",\"@id\":\"https:\/\/perfilvirtual.ar\/lecto\/producto\/guia-para-la-identificacion-aves-tierra-del-fuego\/#breadcrumb\",\"itemListElement\":[{\"@type\":\"ListItem\",\"position\":1,\"name\":\"Inicio\",\"item\":\"https:\/\/perfilvirtual.ar\/lecto\/\"},{\"@type\":\"ListItem\",\"position\":2,\"name\":\"Tienda\",\"item\":\"https:\/\/perfilvirtual.ar\/lecto\/tienda\/\"},{\"@type\":\"ListItem\",\"position\":3,\"name\":\"Gu\u00eda para la identificaci\u00f3n aves Tierra del Fuego\"}]},{\"@type\":\"WebSite\",\"@id\":\"https:\/\/perfilvirtual.ar\/lecto\/#website\",\"url\":\"https:\/\/perfilvirtual.ar\/lecto\/\",\"name\":\"LECTO\",\"description\":\"Servicios y productos reales para proponer conversaciones ideales\u00a0\",\"potentialAction\":[{\"@type\":\"SearchAction\",\"target\":{\"@type\":\"EntryPoint\",\"urlTemplate\":\"https:\/\/perfilvirtual.ar\/lecto\/?s={search_term_string}\"},\"query-input\":{\"@type\":\"PropertyValueSpecification\",\"valueRequired\":true,\"valueName\":\"search_term_string\"}}],\"inLanguage\":\"es-AR\"}]}<\/script>\n<!-- \/ Yoast SEO plugin. -->","yoast_head_json":{"title":"Gu\u00eda para la identificaci\u00f3n aves Tierra del Fuego - LECTO","robots":{"index":"index","follow":"follow","max-snippet":"max-snippet:-1","max-image-preview":"max-image-preview:large","max-video-preview":"max-video-preview:-1"},"canonical":"https:\/\/perfilvirtual.ar\/lecto\/producto\/guia-para-la-identificacion-aves-tierra-del-fuego\/","og_locale":"es_ES","og_type":"article","og_title":"Gu\u00eda para la identificaci\u00f3n aves Tierra del Fuego - LECTO","og_description":"Ram\u00f3n Luis Alvarado \u201cMoncho\u201d  &nbsp;","og_url":"https:\/\/perfilvirtual.ar\/lecto\/producto\/guia-para-la-identificacion-aves-tierra-del-fuego\/","og_site_name":"LECTO","article_modified_time":"2025-08-06T21:39:55+00:00","og_image":[{"width":1080,"height":1080,"url":"https:\/\/perfilvirtual.ar\/lecto\/wp-content\/uploads\/2025\/07\/GUIA-DE-AVES-TIERRA-DEL-FUEGO-TAPA-1080.jpg","type":"image\/jpeg"}],"twitter_card":"summary_large_image","twitter_misc":{"Tiempo de lectura":"1 minuto"},"schema":{"@context":"https:\/\/schema.org","@graph":[{"@type":"WebPage","@id":"https:\/\/perfilvirtual.ar\/lecto\/producto\/guia-para-la-identificacion-aves-tierra-del-fuego\/","url":"https:\/\/perfilvirtual.ar\/lecto\/producto\/guia-para-la-identificacion-aves-tierra-del-fuego\/","name":"Gu\u00eda para la identificaci\u00f3n aves Tierra del Fuego - LECTO","isPartOf":{"@id":"https:\/\/perfilvirtual.ar\/lecto\/#website"},"primaryImageOfPage":{"@id":"https:\/\/perfilvirtual.ar\/lecto\/producto\/guia-para-la-identificacion-aves-tierra-del-fuego\/#primaryimage"},"image":{"@id":"https:\/\/perfilvirtual.ar\/lecto\/producto\/guia-para-la-identificacion-aves-tierra-del-fuego\/#primaryimage"},"thumbnailUrl":"https:\/\/perfilvirtual.ar\/lecto\/wp-content\/uploads\/2025\/07\/GUIA-DE-AVES-TIERRA-DEL-FUEGO-TAPA-1080.jpg","datePublished":"2025-07-28T20:12:18+00:00","dateModified":"2025-08-06T21:39:55+00:00","breadcrumb":{"@id":"https:\/\/perfilvirtual.ar\/lecto\/producto\/guia-para-la-identificacion-aves-tierra-del-fuego\/#breadcrumb"},"inLanguage":"es-AR","potentialAction":[{"@type":"ReadAction","target":["https:\/\/perfilvirtual.ar\/lecto\/producto\/guia-para-la-identificacion-aves-tierra-del-fuego\/"]}]},{"@type":"ImageObject","inLanguage":"es-AR","@id":"https:\/\/perfilvirtual.ar\/lecto\/producto\/guia-para-la-identificacion-aves-tierra-del-fuego\/#primaryimage","url":"https:\/\/perfilvirtual.ar\/lecto\/wp-content\/uploads\/2025\/07\/GUIA-DE-AVES-TIERRA-DEL-FUEGO-TAPA-1080.jpg","contentUrl":"https:\/\/perfilvirtual.ar\/lecto\/wp-content\/uploads\/2025\/07\/GUIA-DE-AVES-TIERRA-DEL-FUEGO-TAPA-1080.jpg","width":1080,"height":1080},{"@type":"BreadcrumbList","@id":"https:\/\/perfilvirtual.ar\/lecto\/producto\/guia-para-la-identificacion-aves-tierra-del-fuego\/#breadcrumb","itemListElement":[{"@type":"ListItem","position":1,"name":"Inicio","item":"https:\/\/perfilvirtual.ar\/lecto\/"},{"@type":"ListItem","position":2,"name":"Tienda","item":"https:\/\/perfilvirtual.ar\/lecto\/tienda\/"},{"@type":"ListItem","position":3,"name":"Gu\u00eda para la identificaci\u00f3n aves Tierra del Fuego"}]},{"@type":"WebSite","@id":"https:\/\/perfilvirtual.ar\/lecto\/#website","url":"https:\/\/perfilvirtual.ar\/lecto\/","name":"LECTO","description":"Servicios y productos reales para proponer conversaciones ideales\u00a0","potentialAction":[{"@type":"SearchAction","target":{"@type":"EntryPoint","urlTemplate":"https:\/\/perfilvirtual.ar\/lecto\/?s={search_term_string}"},"query-input":{"@type":"PropertyValueSpecification","valueRequired":true,"valueName":"search_term_string"}}],"inLanguage":"es-AR"}]}},"_links":{"self":[{"href":"https:\/\/perfilvirtual.ar\/lecto\/wp-json\/wp\/v2\/product\/65","targetHints":{"allow":["GET"]}}],"collection":[{"href":"https:\/\/perfilvirtual.ar\/lecto\/wp-json\/wp\/v2\/product"}],"about":[{"href":"https:\/\/perfilvirtual.ar\/lecto\/wp-json\/wp\/v2\/types\/product"}],"replies":[{"embeddable":true,"href":"https:\/\/perfilvirtual.ar\/lecto\/wp-json\/wp\/v2\/comments?post=65"}],"wp:featuredmedia":[{"embeddable":true,"href":"https:\/\/perfilvirtual.ar\/lecto\/wp-json\/wp\/v2\/media\/66"}],"wp:attachment":[{"href":"https:\/\/perfilvirtual.ar\/lecto\/wp-json\/wp\/v2\/media?parent=65"}],"wp:term":[{"taxonomy":"product_brand","embeddable":true,"href":"https:\/\/perfilvirtual.ar\/lecto\/wp-json\/wp\/v2\/product_brand?post=65"},{"taxonomy":"product_cat","embeddable":true,"href":"https:\/\/perfilvirtual.ar\/lecto\/wp-json\/wp\/v2\/product_cat?post=65"},{"taxonomy":"product_tag","embeddable":true,"href":"https:\/\/perfilvirtual.ar\/lecto\/wp-json\/wp\/v2\/product_tag?post=65"}],"curies":[{"name":"wp","href":"https:\/\/api.w.org\/{rel}","templated":true}]}}