{"id":82,"date":"2025-07-30T19:02:39","date_gmt":"2025-07-30T22:02:39","guid":{"rendered":"https:\/\/perfilvirtual.ar\/lecto\/?page_id=82"},"modified":"2025-08-23T12:59:46","modified_gmt":"2025-08-23T15:59:46","slug":"ediciones","status":"publish","type":"page","link":"https:\/\/perfilvirtual.ar\/lecto\/","title":{"rendered":"Ediciones"},"content":{"rendered":"\n<ul class=\"wp-block-list\">\n<li><a href=\"https:\/\/perfilvirtual.ar\/lecto\/ediciones\/lecto-editores\/\" data-type=\"page\" data-id=\"2\" target=\"_blank\" rel=\"noreferrer noopener\">Lectoeditores<\/a><\/li>\n\n\n\n<li><a href=\"https:\/\/perfilvirtual.ar\/lecto\/edicion\/impresion-offset-digital\/\" data-type=\"page\" data-id=\"86\" target=\"_blank\" rel=\"noreferrer noopener\">Impresi\u00f3n offset digital<\/a><\/li>\n\n\n\n<li><a href=\"https:\/\/perfilvirtual.ar\/lecto\/ediciones\/reproduccion-de-obra\/\" data-type=\"page\" data-id=\"88\" target=\"_blank\" rel=\"noreferrer noopener\">Reproducci\u00f3n de obra<\/a><\/li>\n<\/ul>\n\n\n\n<hr class=\"wp-block-separator has-text-color has-contrast-color has-alpha-channel-opacity has-contrast-background-color has-background is-style-wide is-style-wide--1\"\/>\n\n\n\n<figure class=\"wp-block-image size-large\"><img fetchpriority=\"high\" decoding=\"async\" width=\"1024\" height=\"1024\" src=\"https:\/\/perfilvirtual.ar\/lecto\/wp-content\/uploads\/2025\/08\/LECTO-BUSCAS-INVERSORES-PREMIIUM-1080-1024x1024.jpg\" alt=\"\" class=\"wp-image-227\" srcset=\"https:\/\/perfilvirtual.ar\/lecto\/wp-content\/uploads\/2025\/08\/LECTO-BUSCAS-INVERSORES-PREMIIUM-1080-1024x1024.jpg 1024w, https:\/\/perfilvirtual.ar\/lecto\/wp-content\/uploads\/2025\/08\/LECTO-BUSCAS-INVERSORES-PREMIIUM-1080-300x300.jpg 300w, https:\/\/perfilvirtual.ar\/lecto\/wp-content\/uploads\/2025\/08\/LECTO-BUSCAS-INVERSORES-PREMIIUM-1080-100x100.jpg 100w, https:\/\/perfilvirtual.ar\/lecto\/wp-content\/uploads\/2025\/08\/LECTO-BUSCAS-INVERSORES-PREMIIUM-1080-600x600.jpg 600w, https:\/\/perfilvirtual.ar\/lecto\/wp-content\/uploads\/2025\/08\/LECTO-BUSCAS-INVERSORES-PREMIIUM-1080-150x150.jpg 150w, https:\/\/perfilvirtual.ar\/lecto\/wp-content\/uploads\/2025\/08\/LECTO-BUSCAS-INVERSORES-PREMIIUM-1080-768x768.jpg 768w, https:\/\/perfilvirtual.ar\/lecto\/wp-content\/uploads\/2025\/08\/LECTO-BUSCAS-INVERSORES-PREMIIUM-1080.jpg 1080w\" sizes=\"(max-width: 1024px) 100vw, 1024px\" \/><\/figure>\n\n\n\n<p><em><strong>\u00bfBusc\u00e1s inversores premium para emprender tu idea original?&nbsp;<\/strong><\/em><\/p>\n\n\n\n<p>\u2014Somos el socio estrat\u00e9gico que necesit\u00e1s para presentarles tu visi\u00f3n, expresada en una propuesta conceptual y est\u00e9tica junto al plan de negocios, desarrollados al detalle en un libro exclusivo, de alto impacto visual y calidad Fine Arts.<\/p>\n\n\n\n<hr class=\"wp-block-separator has-text-color has-contrast-color has-alpha-channel-opacity has-contrast-background-color has-background is-style-wide is-style-wide--2\"\/>\n\n\n\n<figure class=\"wp-block-image size-large\"><img decoding=\"async\" width=\"1024\" height=\"1024\" src=\"https:\/\/perfilvirtual.ar\/lecto\/wp-content\/uploads\/2025\/08\/LECTO-TENES-SEGUIDORES-FIELES-1080-1024x1024.jpg\" alt=\"\" class=\"wp-image-233\" srcset=\"https:\/\/perfilvirtual.ar\/lecto\/wp-content\/uploads\/2025\/08\/LECTO-TENES-SEGUIDORES-FIELES-1080-1024x1024.jpg 1024w, https:\/\/perfilvirtual.ar\/lecto\/wp-content\/uploads\/2025\/08\/LECTO-TENES-SEGUIDORES-FIELES-1080-300x300.jpg 300w, https:\/\/perfilvirtual.ar\/lecto\/wp-content\/uploads\/2025\/08\/LECTO-TENES-SEGUIDORES-FIELES-1080-100x100.jpg 100w, https:\/\/perfilvirtual.ar\/lecto\/wp-content\/uploads\/2025\/08\/LECTO-TENES-SEGUIDORES-FIELES-1080-600x600.jpg 600w, https:\/\/perfilvirtual.ar\/lecto\/wp-content\/uploads\/2025\/08\/LECTO-TENES-SEGUIDORES-FIELES-1080-150x150.jpg 150w, https:\/\/perfilvirtual.ar\/lecto\/wp-content\/uploads\/2025\/08\/LECTO-TENES-SEGUIDORES-FIELES-1080-768x768.jpg 768w, https:\/\/perfilvirtual.ar\/lecto\/wp-content\/uploads\/2025\/08\/LECTO-TENES-SEGUIDORES-FIELES-1080.jpg 1080w\" sizes=\"(max-width: 1024px) 100vw, 1024px\" \/><\/figure>\n\n\n\n<p><strong><em>\u00bfTen\u00e9s seguidores \ufb01delizados que pagar\u00edan por un libro tuyo?&nbsp;<\/em><\/strong><\/p>\n\n\n\n<p>\u2014Somos el compa\u00f1ero ideal para facilitarte el camino hacia la creaci\u00f3n y desarrollo de&nbsp; contenidos, adaptados a innovadores formatos de lectura, accesibles al bolsillo, de baja tirada, alto impacto visual y calidad Fine Arts.<\/p>\n\n\n\n<hr class=\"wp-block-separator has-text-color has-contrast-color has-alpha-channel-opacity has-contrast-background-color has-background is-style-wide is-style-wide--3\"\/>\n\n\n\n<figure class=\"wp-block-image size-large\"><img decoding=\"async\" width=\"1024\" height=\"1024\" src=\"https:\/\/perfilvirtual.ar\/lecto\/wp-content\/uploads\/2025\/08\/LECTO-SOS-INVESTIGADOR-1080-1024x1024.jpg\" alt=\"\" class=\"wp-image-232\" srcset=\"https:\/\/perfilvirtual.ar\/lecto\/wp-content\/uploads\/2025\/08\/LECTO-SOS-INVESTIGADOR-1080-1024x1024.jpg 1024w, https:\/\/perfilvirtual.ar\/lecto\/wp-content\/uploads\/2025\/08\/LECTO-SOS-INVESTIGADOR-1080-300x300.jpg 300w, https:\/\/perfilvirtual.ar\/lecto\/wp-content\/uploads\/2025\/08\/LECTO-SOS-INVESTIGADOR-1080-100x100.jpg 100w, https:\/\/perfilvirtual.ar\/lecto\/wp-content\/uploads\/2025\/08\/LECTO-SOS-INVESTIGADOR-1080-600x600.jpg 600w, https:\/\/perfilvirtual.ar\/lecto\/wp-content\/uploads\/2025\/08\/LECTO-SOS-INVESTIGADOR-1080-150x150.jpg 150w, https:\/\/perfilvirtual.ar\/lecto\/wp-content\/uploads\/2025\/08\/LECTO-SOS-INVESTIGADOR-1080-768x768.jpg 768w, https:\/\/perfilvirtual.ar\/lecto\/wp-content\/uploads\/2025\/08\/LECTO-SOS-INVESTIGADOR-1080.jpg 1080w\" sizes=\"(max-width: 1024px) 100vw, 1024px\" \/><\/figure>\n\n\n\n<p><strong><em>\u00bfSos investigador acad\u00e9mico y te sent\u00eds listo para transformar tu tesis doctoral en un libro?&nbsp;<\/em><\/strong><\/p>\n\n\n\n<p>\u2014Somos el colega con probada experiencia en quien pod\u00e9s con\ufb01ar para encontrar juntos las claves est\u00e9ticas y formales para materializar una atractiva publicaci\u00f3n de alto impacto visual y calidad Fine Arts.<\/p>\n\n\n\n<hr class=\"wp-block-separator has-text-color has-contrast-color has-alpha-channel-opacity has-contrast-background-color has-background is-style-wide is-style-wide--4\"\/>\n\n\n\n<figure class=\"wp-block-image size-large\"><img loading=\"lazy\" decoding=\"async\" width=\"1024\" height=\"1024\" src=\"https:\/\/perfilvirtual.ar\/lecto\/wp-content\/uploads\/2025\/08\/LECTO-SOS-ARTISTA-1080-1024x1024.jpg\" alt=\"\" class=\"wp-image-231\" srcset=\"https:\/\/perfilvirtual.ar\/lecto\/wp-content\/uploads\/2025\/08\/LECTO-SOS-ARTISTA-1080-1024x1024.jpg 1024w, https:\/\/perfilvirtual.ar\/lecto\/wp-content\/uploads\/2025\/08\/LECTO-SOS-ARTISTA-1080-300x300.jpg 300w, https:\/\/perfilvirtual.ar\/lecto\/wp-content\/uploads\/2025\/08\/LECTO-SOS-ARTISTA-1080-100x100.jpg 100w, https:\/\/perfilvirtual.ar\/lecto\/wp-content\/uploads\/2025\/08\/LECTO-SOS-ARTISTA-1080-600x600.jpg 600w, https:\/\/perfilvirtual.ar\/lecto\/wp-content\/uploads\/2025\/08\/LECTO-SOS-ARTISTA-1080-150x150.jpg 150w, https:\/\/perfilvirtual.ar\/lecto\/wp-content\/uploads\/2025\/08\/LECTO-SOS-ARTISTA-1080-768x768.jpg 768w, https:\/\/perfilvirtual.ar\/lecto\/wp-content\/uploads\/2025\/08\/LECTO-SOS-ARTISTA-1080.jpg 1080w\" sizes=\"(max-width: 1024px) 100vw, 1024px\" \/><\/figure>\n\n\n\n<p><strong><em>\u00bfSos artista y sent\u00eds que necesit\u00e1s difundir tu obra y generar ganancias pasivas?&nbsp;<\/em><\/strong><\/p>\n\n\n\n<p>\u2014Somos los curadores asociados con quienes co~crear una estrategia tecnovisual para materializar publicaciones&nbsp;<\/p>\n\n\n\n<p>y reproducciones de obra de alto impacto est\u00e9tico en varios soportes Fine Arts.<\/p>\n\n\n\n<p><\/p>\n","protected":false},"excerpt":{"rendered":"<p>\u00bfBusc\u00e1s inversores premium para emprender tu idea original?&nbsp; \u2014Somos el socio estrat\u00e9gico que necesit\u00e1s para presentarles tu visi\u00f3n, expresada en una propuesta conceptual y est\u00e9tica junto al plan de negocios, desarrollados al detalle en un libro exclusivo, de alto impacto visual y calidad Fine Arts. \u00bfTen\u00e9s seguidores \ufb01delizados que pagar\u00edan por un libro tuyo?&nbsp; \u2014Somos [&hellip;]<\/p>\n","protected":false},"author":1,"featured_media":332,"parent":0,"menu_order":1,"comment_status":"closed","ping_status":"closed","template":"","meta":{"footnotes":""},"class_list":["post-82","page","type-page","status-publish","has-post-thumbnail","hentry"],"yoast_head":"<!-- This site is optimized with the Yoast SEO plugin v25.8 - https:\/\/yoast.com\/wordpress\/plugins\/seo\/ -->\n<title>Ediciones - LECTO<\/title>\n<meta name=\"robots\" content=\"index, follow, max-snippet:-1, max-image-preview:large, max-video-preview:-1\" \/>\n<link rel=\"canonical\" href=\"https:\/\/perfilvirtual.ar\/lecto\/\" \/>\n<meta property=\"og:locale\" content=\"es_ES\" \/>\n<meta property=\"og:type\" content=\"article\" \/>\n<meta property=\"og:title\" content=\"Ediciones - LECTO\" \/>\n<meta property=\"og:description\" content=\"\u00bfBusc\u00e1s inversores premium para emprender tu idea original?&nbsp; \u2014Somos el socio estrat\u00e9gico que necesit\u00e1s para presentarles tu visi\u00f3n, expresada en una propuesta conceptual y est\u00e9tica junto al plan de negocios, desarrollados al detalle en un libro exclusivo, de alto impacto visual y calidad Fine Arts. \u00bfTen\u00e9s seguidores \ufb01delizados que pagar\u00edan por un libro tuyo?&nbsp; \u2014Somos [&hellip;]\" \/>\n<meta property=\"og:url\" content=\"https:\/\/perfilvirtual.ar\/lecto\/\" \/>\n<meta property=\"og:site_name\" content=\"LECTO\" \/>\n<meta property=\"article:modified_time\" content=\"2025-08-23T15:59:46+00:00\" \/>\n<meta property=\"og:image\" content=\"https:\/\/perfilvirtual.ar\/lecto\/wp-content\/uploads\/2025\/08\/ESCRITORIO-OFICINA-BOEDO-IMG_6594-1920-1080x774.jpg\" \/>\n\t<meta property=\"og:image:width\" content=\"1080\" \/>\n\t<meta property=\"og:image:height\" content=\"774\" \/>\n\t<meta property=\"og:image:type\" content=\"image\/jpeg\" \/>\n<meta name=\"twitter:card\" content=\"summary_large_image\" \/>\n<meta name=\"twitter:label1\" content=\"Tiempo de lectura\" \/>\n\t<meta name=\"twitter:data1\" content=\"1 minuto\" \/>\n<script type=\"application\/ld+json\" class=\"yoast-schema-graph\">{\"@context\":\"https:\/\/schema.org\",\"@graph\":[{\"@type\":\"WebPage\",\"@id\":\"https:\/\/perfilvirtual.ar\/lecto\/\",\"url\":\"https:\/\/perfilvirtual.ar\/lecto\/\",\"name\":\"Ediciones - LECTO\",\"isPartOf\":{\"@id\":\"https:\/\/perfilvirtual.ar\/lecto\/#website\"},\"primaryImageOfPage\":{\"@id\":\"https:\/\/perfilvirtual.ar\/lecto\/#primaryimage\"},\"image\":{\"@id\":\"https:\/\/perfilvirtual.ar\/lecto\/#primaryimage\"},\"thumbnailUrl\":\"https:\/\/perfilvirtual.ar\/lecto\/wp-content\/uploads\/2025\/08\/ESCRITORIO-OFICINA-BOEDO-IMG_6594-1920.jpg\",\"datePublished\":\"2025-07-30T22:02:39+00:00\",\"dateModified\":\"2025-08-23T15:59:46+00:00\",\"breadcrumb\":{\"@id\":\"https:\/\/perfilvirtual.ar\/lecto\/#breadcrumb\"},\"inLanguage\":\"es-AR\",\"potentialAction\":[{\"@type\":\"ReadAction\",\"target\":[\"https:\/\/perfilvirtual.ar\/lecto\/\"]}]},{\"@type\":\"ImageObject\",\"inLanguage\":\"es-AR\",\"@id\":\"https:\/\/perfilvirtual.ar\/lecto\/#primaryimage\",\"url\":\"https:\/\/perfilvirtual.ar\/lecto\/wp-content\/uploads\/2025\/08\/ESCRITORIO-OFICINA-BOEDO-IMG_6594-1920.jpg\",\"contentUrl\":\"https:\/\/perfilvirtual.ar\/lecto\/wp-content\/uploads\/2025\/08\/ESCRITORIO-OFICINA-BOEDO-IMG_6594-1920.jpg\",\"width\":1920,\"height\":1376},{\"@type\":\"BreadcrumbList\",\"@id\":\"https:\/\/perfilvirtual.ar\/lecto\/#breadcrumb\",\"itemListElement\":[{\"@type\":\"ListItem\",\"position\":1,\"name\":\"Inicio\",\"item\":\"https:\/\/perfilvirtual.ar\/lecto\/\"},{\"@type\":\"ListItem\",\"position\":2,\"name\":\"Ediciones\"}]},{\"@type\":\"WebSite\",\"@id\":\"https:\/\/perfilvirtual.ar\/lecto\/#website\",\"url\":\"https:\/\/perfilvirtual.ar\/lecto\/\",\"name\":\"LECTO\",\"description\":\"Servicios y productos reales para proponer conversaciones ideales\u00a0\",\"potentialAction\":[{\"@type\":\"SearchAction\",\"target\":{\"@type\":\"EntryPoint\",\"urlTemplate\":\"https:\/\/perfilvirtual.ar\/lecto\/?s={search_term_string}\"},\"query-input\":{\"@type\":\"PropertyValueSpecification\",\"valueRequired\":true,\"valueName\":\"search_term_string\"}}],\"inLanguage\":\"es-AR\"}]}<\/script>\n<!-- \/ Yoast SEO plugin. -->","yoast_head_json":{"title":"Ediciones - LECTO","robots":{"index":"index","follow":"follow","max-snippet":"max-snippet:-1","max-image-preview":"max-image-preview:large","max-video-preview":"max-video-preview:-1"},"canonical":"https:\/\/perfilvirtual.ar\/lecto\/","og_locale":"es_ES","og_type":"article","og_title":"Ediciones - LECTO","og_description":"\u00bfBusc\u00e1s inversores premium para emprender tu idea original?&nbsp; \u2014Somos el socio estrat\u00e9gico que necesit\u00e1s para presentarles tu visi\u00f3n, expresada en una propuesta conceptual y est\u00e9tica junto al plan de negocios, desarrollados al detalle en un libro exclusivo, de alto impacto visual y calidad Fine Arts. \u00bfTen\u00e9s seguidores \ufb01delizados que pagar\u00edan por un libro tuyo?&nbsp; \u2014Somos [&hellip;]","og_url":"https:\/\/perfilvirtual.ar\/lecto\/","og_site_name":"LECTO","article_modified_time":"2025-08-23T15:59:46+00:00","og_image":[{"width":1080,"height":774,"url":"https:\/\/perfilvirtual.ar\/lecto\/wp-content\/uploads\/2025\/08\/ESCRITORIO-OFICINA-BOEDO-IMG_6594-1920-1080x774.jpg","type":"image\/jpeg"}],"twitter_card":"summary_large_image","twitter_misc":{"Tiempo de lectura":"1 minuto"},"schema":{"@context":"https:\/\/schema.org","@graph":[{"@type":"WebPage","@id":"https:\/\/perfilvirtual.ar\/lecto\/","url":"https:\/\/perfilvirtual.ar\/lecto\/","name":"Ediciones - LECTO","isPartOf":{"@id":"https:\/\/perfilvirtual.ar\/lecto\/#website"},"primaryImageOfPage":{"@id":"https:\/\/perfilvirtual.ar\/lecto\/#primaryimage"},"image":{"@id":"https:\/\/perfilvirtual.ar\/lecto\/#primaryimage"},"thumbnailUrl":"https:\/\/perfilvirtual.ar\/lecto\/wp-content\/uploads\/2025\/08\/ESCRITORIO-OFICINA-BOEDO-IMG_6594-1920.jpg","datePublished":"2025-07-30T22:02:39+00:00","dateModified":"2025-08-23T15:59:46+00:00","breadcrumb":{"@id":"https:\/\/perfilvirtual.ar\/lecto\/#breadcrumb"},"inLanguage":"es-AR","potentialAction":[{"@type":"ReadAction","target":["https:\/\/perfilvirtual.ar\/lecto\/"]}]},{"@type":"ImageObject","inLanguage":"es-AR","@id":"https:\/\/perfilvirtual.ar\/lecto\/#primaryimage","url":"https:\/\/perfilvirtual.ar\/lecto\/wp-content\/uploads\/2025\/08\/ESCRITORIO-OFICINA-BOEDO-IMG_6594-1920.jpg","contentUrl":"https:\/\/perfilvirtual.ar\/lecto\/wp-content\/uploads\/2025\/08\/ESCRITORIO-OFICINA-BOEDO-IMG_6594-1920.jpg","width":1920,"height":1376},{"@type":"BreadcrumbList","@id":"https:\/\/perfilvirtual.ar\/lecto\/#breadcrumb","itemListElement":[{"@type":"ListItem","position":1,"name":"Inicio","item":"https:\/\/perfilvirtual.ar\/lecto\/"},{"@type":"ListItem","position":2,"name":"Ediciones"}]},{"@type":"WebSite","@id":"https:\/\/perfilvirtual.ar\/lecto\/#website","url":"https:\/\/perfilvirtual.ar\/lecto\/","name":"LECTO","description":"Servicios y productos reales para proponer conversaciones ideales\u00a0","potentialAction":[{"@type":"SearchAction","target":{"@type":"EntryPoint","urlTemplate":"https:\/\/perfilvirtual.ar\/lecto\/?s={search_term_string}"},"query-input":{"@type":"PropertyValueSpecification","valueRequired":true,"valueName":"search_term_string"}}],"inLanguage":"es-AR"}]}},"_links":{"self":[{"href":"https:\/\/perfilvirtual.ar\/lecto\/wp-json\/wp\/v2\/pages\/82","targetHints":{"allow":["GET"]}}],"collection":[{"href":"https:\/\/perfilvirtual.ar\/lecto\/wp-json\/wp\/v2\/pages"}],"about":[{"href":"https:\/\/perfilvirtual.ar\/lecto\/wp-json\/wp\/v2\/types\/page"}],"author":[{"embeddable":true,"href":"https:\/\/perfilvirtual.ar\/lecto\/wp-json\/wp\/v2\/users\/1"}],"replies":[{"embeddable":true,"href":"https:\/\/perfilvirtual.ar\/lecto\/wp-json\/wp\/v2\/comments?post=82"}],"version-history":[{"count":16,"href":"https:\/\/perfilvirtual.ar\/lecto\/wp-json\/wp\/v2\/pages\/82\/revisions"}],"predecessor-version":[{"id":327,"href":"https:\/\/perfilvirtual.ar\/lecto\/wp-json\/wp\/v2\/pages\/82\/revisions\/327"}],"wp:featuredmedia":[{"embeddable":true,"href":"https:\/\/perfilvirtual.ar\/lecto\/wp-json\/wp\/v2\/media\/332"}],"wp:attachment":[{"href":"https:\/\/perfilvirtual.ar\/lecto\/wp-json\/wp\/v2\/media?parent=82"}],"curies":[{"name":"wp","href":"https:\/\/api.w.org\/{rel}","templated":true}]}}