{"id":61731,"date":"2023-04-14T11:29:07","date_gmt":"2023-04-14T11:29:07","guid":{"rendered":"https:\/\/janus.bio\/?page_id=61731"},"modified":"2025-06-30T14:02:11","modified_gmt":"2025-06-30T14:02:11","slug":"nueva-ruralidad-y-el-buen-vivir","status":"publish","type":"page","link":"https:\/\/perfilvirtual.ar\/janus\/nueva-ruralidad-y-el-buen-vivir\/","title":{"rendered":"Nueva Ruralidad y el buen vivir"},"content":{"rendered":"<blockquote><p>Nueva Ruralidad es el concepto que utilizamos para inscribir nuestro modelo de comunidades rurales sustentables, enfocado en el desarrollo territorial mediante la creaci\u00f3n de villas productivas agroecol\u00f3gicas, basado en los principios de la Agricultura Biodin\u00e1mica.<\/p><\/blockquote>\n<h4>La Nueva Ruralidad y el buen vivir<\/h4>\n<blockquote><p>Experiencia + Resultados = Coraje<\/p><\/blockquote>\n<p><img loading=\"lazy\" decoding=\"async\" class=\"aligncenter wp-image-63790\" src=\"https:\/\/janus.bio\/wp-content\/uploads\/2023\/10\/IMAGEN-PORTADA-FOLLETO-PABLO-BONGIOVANI-300x158.jpg\" alt=\"\" width=\"480\" height=\"252\" srcset=\"https:\/\/perfilvirtual.ar\/janus\/wp-content\/uploads\/2023\/10\/IMAGEN-PORTADA-FOLLETO-PABLO-BONGIOVANI-300x158.jpg 300w, https:\/\/perfilvirtual.ar\/janus\/wp-content\/uploads\/2023\/10\/IMAGEN-PORTADA-FOLLETO-PABLO-BONGIOVANI-1024x538.jpg 1024w, https:\/\/perfilvirtual.ar\/janus\/wp-content\/uploads\/2023\/10\/IMAGEN-PORTADA-FOLLETO-PABLO-BONGIOVANI-768x403.jpg 768w, https:\/\/perfilvirtual.ar\/janus\/wp-content\/uploads\/2023\/10\/IMAGEN-PORTADA-FOLLETO-PABLO-BONGIOVANI-700x368.jpg 700w, https:\/\/perfilvirtual.ar\/janus\/wp-content\/uploads\/2023\/10\/IMAGEN-PORTADA-FOLLETO-PABLO-BONGIOVANI.jpg 1200w\" sizes=\"auto, (max-width: 480px) 100vw, 480px\" \/><\/p>\n<p>La sumatoria de la experiencia acumulada durante m\u00e1s de 15 a\u00f1os por <strong>JANUS Proyecto Rural Integrador<\/strong>, sumada a los resultados acumulados, refinados y consolidados, nos da el coraje para atrevernos a reflexionar sobre la <em><strong>Nueva Ruralidad y el buen vivir<\/strong><\/em> en el hacer, investigar, compartir, interactuar, co-organizar y tantas otras funciones caracter\u00edsticas de las inteligencias colectivas en acto.<\/p>\n<p><iframe loading=\"lazy\" class=\"aligncenter\" title=\"YouTube video player\" src=\"https:\/\/www.youtube.com\/embed\/jpVzmdqfWXA\" width=\"300\" height=\"169\" frameborder=\"0\" allowfullscreen=\"allowfullscreen\" data-mce-fragment=\"1\"><\/iframe><\/p>\n<h4>Bienvenidos a Villa Agroecol\u00f3gica JANUS, nuestro modelo de Nueva Ruralidad<\/h4>\n<p>La <a href=\"https:\/\/janus.bio\/villa-agroecologica-janus-comunidad-rural-sustentable\/\" target=\"_blank\" rel=\"noopener\"><strong>Villa Agroecol\u00f3gica JANUS, Comunidad Rural Sustentable<\/strong><\/a>, se caracteriza por favorecer la regeneraci\u00f3n ambiental, econ\u00f3mica y social del \u00e1rea rural, donde la naturaleza es protagonista de la cohesi\u00f3n e interacci\u00f3n social, y facilitadora de los procesos productivos, contando con el acompa\u00f1amiento necesario para hacerlo.<\/p>\n<p><img loading=\"lazy\" decoding=\"async\" class=\"aligncenter wp-image-66069\" src=\"https:\/\/janus.bio\/wp-content\/uploads\/2025\/03\/MARCA-VILLA-FONDO-BLANCO-1200-300x158.jpg\" alt=\"\" width=\"480\" height=\"252\" srcset=\"https:\/\/perfilvirtual.ar\/janus\/wp-content\/uploads\/2025\/03\/MARCA-VILLA-FONDO-BLANCO-1200-300x158.jpg 300w, https:\/\/perfilvirtual.ar\/janus\/wp-content\/uploads\/2025\/03\/MARCA-VILLA-FONDO-BLANCO-1200-1024x538.jpg 1024w, https:\/\/perfilvirtual.ar\/janus\/wp-content\/uploads\/2025\/03\/MARCA-VILLA-FONDO-BLANCO-1200-768x403.jpg 768w, https:\/\/perfilvirtual.ar\/janus\/wp-content\/uploads\/2025\/03\/MARCA-VILLA-FONDO-BLANCO-1200-700x368.jpg 700w, https:\/\/perfilvirtual.ar\/janus\/wp-content\/uploads\/2025\/03\/MARCA-VILLA-FONDO-BLANCO-1200.jpg 1200w\" sizes=\"auto, (max-width: 480px) 100vw, 480px\" \/><\/p>\n<p><iframe loading=\"lazy\" title=\"YouTube video player\" src=\"https:\/\/www.youtube.com\/embed\/0cuoHePuyjE\" width=\"300\" height=\"169\" frameborder=\"0\" allowfullscreen=\"allowfullscreen\" data-mce-fragment=\"1\"><\/iframe><\/p>\n<h4><strong>Un posible marco te\u00f3rico<\/strong><\/h4>\n<p><img loading=\"lazy\" decoding=\"async\" class=\"aligncenter wp-image-63786\" src=\"https:\/\/janus.bio\/wp-content\/uploads\/2023\/10\/ARTICULO-TERRITORIOS-Y-NUEVA-RURALIDAD-1200-300x158.jpg\" alt=\"\" width=\"480\" height=\"252\" srcset=\"https:\/\/perfilvirtual.ar\/janus\/wp-content\/uploads\/2023\/10\/ARTICULO-TERRITORIOS-Y-NUEVA-RURALIDAD-1200-300x158.jpg 300w, https:\/\/perfilvirtual.ar\/janus\/wp-content\/uploads\/2023\/10\/ARTICULO-TERRITORIOS-Y-NUEVA-RURALIDAD-1200-1024x538.jpg 1024w, https:\/\/perfilvirtual.ar\/janus\/wp-content\/uploads\/2023\/10\/ARTICULO-TERRITORIOS-Y-NUEVA-RURALIDAD-1200-768x403.jpg 768w, https:\/\/perfilvirtual.ar\/janus\/wp-content\/uploads\/2023\/10\/ARTICULO-TERRITORIOS-Y-NUEVA-RURALIDAD-1200-700x368.jpg 700w, https:\/\/perfilvirtual.ar\/janus\/wp-content\/uploads\/2023\/10\/ARTICULO-TERRITORIOS-Y-NUEVA-RURALIDAD-1200.jpg 1200w\" sizes=\"auto, (max-width: 480px) 100vw, 480px\" \/><\/p>\n<p>Para orientar los nuevos rumbos elegimos compartir los p\u00e1rrafos iniciales de este <em>paper<\/em> acad\u00e9mico mexicano: <a href=\"https:\/\/bit.ly\/3QxRtFa\" target=\"_blank\" rel=\"noopener\"><strong>Territorio y nuevas ruralidades: un recorrido te\u00f3rico sobre las transformaciones de la relaci\u00f3n campo-ciudad<\/strong><\/a>, de los autores <strong>Naxhelli Ruiz Rivera<\/strong> \u2014candidata a Doctora en Estudios del Desarrollo, University of East Anglia\u2014 y <strong>Javier Delgado Campos<\/strong> \u2014del Instituto de Geograf\u00eda, Universidad Nacional Aut\u00f3noma de M\u00e9xico.<\/p>\n<p><em><strong>Resumen:<\/strong> En varias disciplinas se presenta una discusi\u00f3n sobre las caracter\u00edsticas formales de los nuevos espacios rurales, y de las categor\u00edas anal\u00edticas pertinentes para estudiar su reconfiguraci\u00f3n. En este ensayo se revisan las diversas perspectivas de estudio de la ruralidad contempor\u00e1nea y los v\u00ednculos rural urbanos, agrupadas en cuatro categor\u00edas: a) enfoques sociol\u00f3gicos anal\u00edticos de procesos emergentes en la globalizaci\u00f3n; b) enfoques sociol\u00f3gicos normativos que buscan entender las causas de los cambios socioecon\u00f3micos para proponer intervenciones que impulsen esas transformaciones en los territorios rurales; c) enfoques espaciales que abordan el surgimiento y v\u00ednculos entre ciudades de distinto tama\u00f1o y su entorno; y d) enfoques neomarxistas que analizan las formas de producci\u00f3n y sus repercusiones en lo rural. Estas propuestas son analizadas para mostrar las formas de problematizar la(s) ruralidad(es), y diferenciar enfoques y m\u00e9todos para aproximarse a ellas. <\/em><em><strong>Palabras clave:<\/strong> nueva ruralidad, rurbanizaci\u00f3n, urbanizaci\u00f3n difusa, desagrarizaci\u00f3n<\/em><\/p>\n<p><strong><em>Introducci\u00f3n: <\/em><\/strong><em>Ante la necesidad de repensar e interpretar las formas novedosas de \u00ablo rural\u00bb, en diversas corrientes de pensamiento se ha generado una amplia discusi\u00f3n sobre estos espacios y las categor\u00edas anal\u00edticas pertinentes para su estudio (\u00c1vila, 2005, p. 20). <\/em><em>\u00abNueva ruralidad\u00bb, el t\u00e9rmino m\u00e1s aceptado, se utiliza para describir gen\u00e9ricamente las maneras de organizaci\u00f3n y el cambio en las funciones de los espacios tradicionalmente \u00abno urbanos\u00bb: aumento en la movilidad de personas, bienes y mensajes, deslocalizaci\u00f3n de actividades econ\u00f3micas, nuevos usos especializados (maquilas, segunda residencia, sitios tur\u00edsticos, parques y zonas de desarrollo), surgimiento de nuevas redes sociales, as\u00ed como diversificaci\u00f3n de usos (residenciales, de esparcimiento y productivas), que los espacios rurales ejercen de manera creciente (Arias, 2002, pp. 371-377; Linck, 2001, p. 94).<\/em><\/p>\n<h4><strong>Una respuesta al Calentamiento Global\u00a0\u00a0<\/strong><\/h4>\n<p>Uno de los componentes estructurales de la <em>Nueva Ruralidad<\/em> y el buen vivir con los que estamos interactuando es, sin lugar a dudas, todo aquello que sucede en ese infinito intertexto red en el que se manifiestan en simult\u00e1neo las nuevas y viejas formas de existir: la cuesti\u00f3n ambiental, la <em>pachamama<\/em>, <em>gaia<\/em>, el calentamiento global, el cambio clim\u00e1tico, el deshielo, las deforestaciones, los agroqu\u00edmicos, el agua potable, la calidad del aire, los grandes desaf\u00edos ambientales que, como especie con aspiraciones de evoluci\u00f3n, ponen en cuesti\u00f3n la capacidad real de gestionarlos sin el colapso como destino inexorable.<\/p>\n<p><iframe loading=\"lazy\" class=\"aligncenter\" title=\"YouTube video player\" src=\"https:\/\/www.youtube.com\/embed\/zPp63bG_aoI\" width=\"300\" height=\"169\" frameborder=\"0\" allowfullscreen=\"allowfullscreen\" data-mce-fragment=\"1\"><\/iframe><\/p>\n<h4><strong>Un modelo de referencia en Espa\u00f1a<\/strong><\/h4>\n<p>Compartimos como inspiraci\u00f3n y horizonte este documento audiovisual elaborado por el <a href=\"https:\/\/observatorioculturayterritorio.org\/guiaparquesagrarios\/\" target=\"_blank\" rel=\"noopener\"><strong>Grupo Operativo PAISAJE Y HUERTA<\/strong><\/a>, que tiene como objetivo el impulso de los espacios agrarios como infraestructuras verdes en la Comarca de Las Vegas, en el marco del Programa de Desarrollo Rural de la Comunidad de Madrid 2014-2020.<\/p>\n<p><iframe loading=\"lazy\" class=\"aligncenter\" title=\"YouTube video player\" src=\"https:\/\/www.youtube.com\/embed\/0WBGCLUigfI\" width=\"300\" height=\"169\" frameborder=\"0\" allowfullscreen=\"allowfullscreen\" data-mce-fragment=\"1\"><span data-mce-type=\"bookmark\" style=\"display: inline-block; width: 0px; overflow: hidden; line-height: 0;\" class=\"mce_SELRES_start\">\ufeff<\/span><\/iframe><\/p>\n<h5><strong>Click en la imagen para ver noticias relacionadas con la Nueva Ruralidad:<\/strong><\/h5>\n<p><a href=\"https:\/\/janus.bio\/category\/nueva-ruralidad\/\" target=\"_blank\" rel=\"noopener\"><img loading=\"lazy\" decoding=\"async\" class=\"aligncenter wp-image-61768 size-medium\" title=\"Abrir noticias Nueva Ruralidad\" src=\"https:\/\/janus.bio\/wp-content\/uploads\/2023\/10\/01-NUEVA-RURALIDAD-100-manito-1024x1024.jpg\" alt=\"Nueva Ruralidad y el buen vivir\" width=\"300\" height=\"300\" \/><\/a><\/p>\n<p>Con el prop\u00f3sito de lograr una mayor fluidez en los intercambios y garantizar la mejor atenci\u00f3n cuando nos visiten, solicitamos nos contacten a trav\u00e9s de nuestro\u00a0<a href=\"https:\/\/janus.bio\/contacto\/\" target=\"_blank\" rel=\"noopener noreferrer\"><strong>Formulario<\/strong><\/a>\u00a0y\u00a0WhatsApp\u00a0<a href=\"https:\/\/wa.me\/542995711049?text=Contacto%20desde%20Sitio%20Web\" target=\"_blank\" rel=\"noopener\"><strong>+549 299 5711049<\/strong><\/a>.<\/p>\n","protected":false},"excerpt":{"rendered":"<p>Nueva Ruralidad es el concepto que utilizamos para inscribir nuestro modelo de comunidades rurales sustentables, enfocado en el desarrollo territorial mediante la creaci\u00f3n de villas productivas agroecol\u00f3gicas, basado en los principios de la Agricultura Biodin\u00e1mica. La Nueva Ruralidad y el buen vivir Experiencia + Resultados = Coraje La sumatoria de la experiencia acumulada durante m\u00e1s [&hellip;]<\/p>\n","protected":false},"author":2,"featured_media":66345,"parent":0,"menu_order":0,"comment_status":"closed","ping_status":"closed","template":"","meta":{"_acf_changed":false,"footnotes":""},"class_list":["post-61731","page","type-page","status-publish","has-post-thumbnail","hentry"],"acf":[],"_links":{"self":[{"href":"https:\/\/perfilvirtual.ar\/janus\/wp-json\/wp\/v2\/pages\/61731","targetHints":{"allow":["GET"]}}],"collection":[{"href":"https:\/\/perfilvirtual.ar\/janus\/wp-json\/wp\/v2\/pages"}],"about":[{"href":"https:\/\/perfilvirtual.ar\/janus\/wp-json\/wp\/v2\/types\/page"}],"author":[{"embeddable":true,"href":"https:\/\/perfilvirtual.ar\/janus\/wp-json\/wp\/v2\/users\/2"}],"replies":[{"embeddable":true,"href":"https:\/\/perfilvirtual.ar\/janus\/wp-json\/wp\/v2\/comments?post=61731"}],"version-history":[{"count":46,"href":"https:\/\/perfilvirtual.ar\/janus\/wp-json\/wp\/v2\/pages\/61731\/revisions"}],"predecessor-version":[{"id":66506,"href":"https:\/\/perfilvirtual.ar\/janus\/wp-json\/wp\/v2\/pages\/61731\/revisions\/66506"}],"wp:featuredmedia":[{"embeddable":true,"href":"https:\/\/perfilvirtual.ar\/janus\/wp-json\/wp\/v2\/media\/66345"}],"wp:attachment":[{"href":"https:\/\/perfilvirtual.ar\/janus\/wp-json\/wp\/v2\/media?parent=61731"}],"curies":[{"name":"wp","href":"https:\/\/api.w.org\/{rel}","templated":true}]}}