{"id":50703,"date":"2016-06-06T03:10:32","date_gmt":"2016-06-06T03:10:32","guid":{"rendered":"http:\/\/janus.bio\/?page_id=50703"},"modified":"2023-10-27T18:58:25","modified_gmt":"2023-10-27T18:58:25","slug":"la-chacra","status":"publish","type":"page","link":"https:\/\/perfilvirtual.ar\/janus\/la-chacra\/","title":{"rendered":"La Chacra"},"content":{"rendered":"<p>[vc_row row_type=\u00bbrow\u00bb use_row_as_full_screen_section=\u00bbno\u00bb type=\u00bbfull_width\u00bb oblique_section=\u00bbno\u00bb text_align=\u00bbleft\u00bb css_animation=\u00bb\u00bb box_shadow_on_row=\u00bbno\u00bb][vc_column][no_blockquote text=\u00bbNuestra tierra de trabajo es una floreciente lonja de 200 metros de frente sobre el km 24,5 de la Ruta Nacional 151, en la provincia de R\u00edo Negro, por 400 m de fondo lindante con el correntoso r\u00edo Neuqu\u00e9n.\u00bb title_tag=\u00bbh2&#8243; show_border=\u00bbno\u00bb show_quote_icon=\u00bbno\u00bb]<\/p>\n<p>[\/vc_column][\/vc_row][vc_row row_type=\u00bbrow\u00bb use_row_as_full_screen_section=\u00bbno\u00bb type=\u00bbfull_width\u00bb oblique_section=\u00bbno\u00bb text_align=\u00bbleft\u00bb css_animation=\u00bb\u00bb box_shadow_on_row=\u00bbno\u00bb][vc_column width=\u00bb1\/3&#8243;][no_image_with_text_and_icon icon_pack=\u00bb\u00bb image=\u00bb50944&#8243; title=\u00bbUna ubicaci\u00f3n privilegiada\u00bb position_top=\u00bb15&#8243;]<\/p>\n<p style=\"text-align: left;\">Enclavadas en el centro de una emblem\u00e1tica regi\u00f3n socioproductiva patag\u00f3nica, las\u00a0ocho generosas hect\u00e1reas que ocupa Janus lindan al frente con la transitada Ruta Nacional 151, y al fondo con las transparentes y correntosas aguas del r\u00edo Neuqu\u00e9n.<\/p>\n<p style=\"text-align: left;\">Recuperada en 2009 para dar inicio al proyecto, luego de 20 a\u00f1os de abandono, es como si la tierra nos hubiera estado esperando en estado latente, de barbecho creativo, para comenzar a trabajar juntos en un proceso de transformaci\u00f3n que alimenta sin pedir nada a cambio, proponi\u00e9ndonos silenciosa y pacientemente un camino de fraternidad y aprendizaje continuo.<\/p>\n<p style=\"text-align: left;\">Las familias que residimos formando parte de Janus aportamos al emprendimiento, cada una desde nuestros conocimientos y saberes, desarrollando proyectos socioproductivos que se integran con la visi\u00f3n general de Janus.<\/p>\n<p>[\/no_image_with_text_and_icon][\/vc_column][vc_column width=\u00bb1\/3&#8243;][no_image_with_text_and_icon icon_pack=\u00bb\u00bb image=\u00bb50946&#8243; title=\u00bbVisitas al interior de uno mismo\u00bb position_top=\u00bb15&#8243;]<\/p>\n<p style=\"text-align: left;\">Janus es un espacio abierto para visitar, en el que las sensibles condiciones del entorno favorecen el disfrute de la naturaleza y los diferentes climas, de los aromas y los sonidos, de la vegetaci\u00f3n y la fauna de granja.<\/p>\n<p style=\"text-align: left;\">Ofrecemos los d\u00edas <strong>s\u00e1bados<\/strong> para aquellos interesados que deseen planificar su visita, acordando previamente fecha y hora a trav\u00e9s del <a href=\"https:\/\/janus.bio\/contact\/\" target=\"_blank\" rel=\"noopener noreferrer\"><strong>formulario de Contacto<\/strong><\/a>.<\/p>\n<p>[\/no_image_with_text_and_icon][\/vc_column][vc_column width=\u00bb1\/3&#8243;][no_image_with_text_and_icon icon_pack=\u00bb\u00bb image=\u00bb50947&#8243; title=\u00bbExperiencia Biodin\u00e1mica\u00bb position_top=\u00bb15&#8243;]<\/p>\n<p style=\"text-align: left;\">Los invitamos a disfrutar de la <a href=\"https:\/\/janus.bio\/experiencia-biodinamica\/\" target=\"_blank\" rel=\"noopener noreferrer\"><strong>Experiencia Biodin\u00e1mica<\/strong><\/a>, que les permitir\u00e1 convertirse en protagonistas de su propio proceso de inmersi\u00f3n en los fundamentos de la Agricultura Biodin\u00e1mica como modelo de Producci\u00f3n Sustentable, y testigos privilegiados de esta propuesta de Ense\u00f1anza\/Aprendzaje, \u00fanica en la Patagonia Argentina.<\/p>\n<p>Con el prop\u00f3sito de lograr una mayor fluidez en los intercambios y organizar nuestra agenda para garantizar la mejor atenci\u00f3n y disfrute posibles cuando nos visiten, les pedimos por favor que nos contacten previamente a trav\u00e9s de las dos v\u00edas de comunicaci\u00f3n que disponemos: nuestro <a href=\"https:\/\/janus.bio\/contacto\/\" target=\"_blank\" rel=\"noopener noreferrer\"><strong>Formulario de Contacto<\/strong><\/a>\u00a0y\u00a0<strong>WhatsApp<\/strong>\u00a0(al<a href=\"https:\/\/wa.me\/542995711049?text=Hola,%20me%20contacto%20desde%20el%20sitio%20web,%20mi%20nombre%20es%20\" data-wplink-edit=\"true\"><strong>\u00a0+549 299 5711049<\/strong><\/a>).<strong> <em>\u00a1Gracias por elegir formar parte de la gran familia Janus!<\/em><\/strong><\/p>\n","protected":false},"excerpt":{"rendered":"<p>[vc_row row_type=\u00bbrow\u00bb use_row_as_full_screen_section=\u00bbno\u00bb type=\u00bbfull_width\u00bb oblique_section=\u00bbno\u00bb text_align=\u00bbleft\u00bb css_animation=\u00bb\u00bb box_shadow_on_row=\u00bbno\u00bb][vc_column][no_blockquote text=\u00bbNuestra tierra de trabajo es una floreciente lonja de 200 metros de frente sobre el km 24,5 de la Ruta Nacional 151, en la provincia de R\u00edo Negro, por 400 m de fondo lindante con el correntoso r\u00edo Neuqu\u00e9n.\u00bb title_tag=\u00bbh2&#8243; show_border=\u00bbno\u00bb show_quote_icon=\u00bbno\u00bb] [\/vc_column][\/vc_row][vc_row row_type=\u00bbrow\u00bb use_row_as_full_screen_section=\u00bbno\u00bb type=\u00bbfull_width\u00bb oblique_section=\u00bbno\u00bb [&hellip;]<\/p>\n","protected":false},"author":1,"featured_media":0,"parent":0,"menu_order":0,"comment_status":"closed","ping_status":"closed","template":"","meta":{"_acf_changed":false,"footnotes":""},"class_list":["post-50703","page","type-page","status-publish","hentry"],"acf":[],"_links":{"self":[{"href":"https:\/\/perfilvirtual.ar\/janus\/wp-json\/wp\/v2\/pages\/50703","targetHints":{"allow":["GET"]}}],"collection":[{"href":"https:\/\/perfilvirtual.ar\/janus\/wp-json\/wp\/v2\/pages"}],"about":[{"href":"https:\/\/perfilvirtual.ar\/janus\/wp-json\/wp\/v2\/types\/page"}],"author":[{"embeddable":true,"href":"https:\/\/perfilvirtual.ar\/janus\/wp-json\/wp\/v2\/users\/1"}],"replies":[{"embeddable":true,"href":"https:\/\/perfilvirtual.ar\/janus\/wp-json\/wp\/v2\/comments?post=50703"}],"version-history":[{"count":21,"href":"https:\/\/perfilvirtual.ar\/janus\/wp-json\/wp\/v2\/pages\/50703\/revisions"}],"predecessor-version":[{"id":66533,"href":"https:\/\/perfilvirtual.ar\/janus\/wp-json\/wp\/v2\/pages\/50703\/revisions\/66533"}],"wp:attachment":[{"href":"https:\/\/perfilvirtual.ar\/janus\/wp-json\/wp\/v2\/media?parent=50703"}],"curies":[{"name":"wp","href":"https:\/\/api.w.org\/{rel}","templated":true}]}}